5*j + 98 = 0, 0 = o - 4*j - 68 + 6. What are the prime factors of o?
2, 3
Suppose -2 = 3*o + 85. Let m = -26 - o. Suppose 4*f + m*r = r + 114, 0 = r - 5. What are the prime factors of f?
2, 13
List the prime factors of (-384)/66 - 8/44 - -545.
7, 11
Suppose -3*f - 14 - 10 = 0. Let y = 8 - 33. Let q = f - y. List the prime factors of q.
17
Let l be -4 - (-16)/(-2 - -4). Suppose -l*r = r - 430. List the prime factors of r.
2, 43
Let v(u) = -95*u - 45. What are the prime factors of v(-13)?
2, 5, 7, 17
Let l(j) = j**3 + 4*j**2 + j - 3. Let z be l(-2). List the prime factors of 1 + 111 - (1 + -1)/z.
2, 7
Let a(v) = 6*v**3 + 22*v**2 - 5*v - 8. What are the prime factors of a(6)?
2, 5, 41
Let l be 2 + (2 - (-5 - -4)). Suppose 87 - 15 = 2*c - q, -l*c + q = -177. What are the prime factors of c?
5, 7
Let j(i) = 11*i - 26*i + 8 - 4 - 2. Suppose 3*q + 7 + 2 = 0. List the prime factors of j(q).
47
Let g = -2 + 6. What are the prime factors of (g/3)/(7/((-84)/(-8)))?
2
Let s = 999 - 968. List the prime factors of s.
31
Let y(v) = -6*v. Let w be y(-1). Suppose -4*r - 4*m = -40, 2*r + w = 3*m + 31. What are the prime factors of r?
11
Let a(w) = -62*w + 46. List the prime factors of a(-5).
2, 89
Let p be (-70)/(((-15)/5)/3). Let s = 114 - p. List the prime factors of s.
2, 11
Let i be (-2 - -1) + -4*11. Let t = i - -83. What are the prime factors of t?
2, 19
Suppose 0 = 5*c + 4*m + 21, -3*c + 2*m - m + 1 = 0. Let z = c + 65. List the prime factors of z.
2
Suppose -4*s + 2*v = 266, -7*v - 271 = 4*s - 4*v. Suppose -3 = -3*n, -4*n - 114 = -2*q + q. Let k = q + s. List the prime factors of k.
3, 17
Let i = -19 + 15. Let k(c) = 3*c**2 + 7*c + 1. Let u(n) = -4*n**2 - 7*n. Let w(j) = -3*k(j) - 2*u(j). What are the prime factors of w(i)?
3
Let p(n) = 138*n - 32. What are the prime factors of p(16)?
2, 17
Suppose 3*z + 3*g - 390 = 0, 4*z + 0*z - 5*g = 520. Suppose 6*o - z = o. List the prime factors of o.
2, 13
List the prime factors of ((-2)/4)/(1190/(-1180) + 1).
59
Let v = 95 + -101. What are the prime factors of 1*(-586)/v - 6/(-18)?
2, 7
Let v = 431 - -576. What are the prime factors of v?
19, 53
Let t = -1 - -6. Suppose b + 3 = 4. Let q = b + t. What are the prime factors of q?
2, 3
Suppose 0 = 5*a + 5*c - 145, 5*a - 2*a + 4*c - 92 = 0. Suppose 0 = -27*y + a*y + 399. List the prime factors of y.
7, 19
Suppose -5*o = 4*w - 175, -5*w + o - 41 + 238 = 0. Suppose 6*c - c = w. Suppose 3*i = i + c. List the prime factors of i.
2
What are the prime factors of (-7 - (-199 + -5))/((-2)/(-4))?
2, 197
Suppose -3*a = -5*a, -4*a + 3100 = 2*x. What are the prime factors of x/30 + (-2)/(-6)?
2, 13
Suppose 0*r - 5*r + 3*y = 2, -2*y = r - 10. Suppose 4*d - 171 = r*w + 81, -4*w = -4*d + 244. List the prime factors of d.
5, 13
Let l = 38 + -35. Suppose 3*d = 2*s + 2*s - 2, -2*d = l*s - 10. Suppose -172 = -d*x - 2*v - 30, 0 = x - 4*v - 46. What are the prime factors of x?
2, 3, 11
Suppose -7*h = -6*h - 3. Suppose -y - 4*y - h*j + 186 = 0, -3*y + 98 = -5*j. List the prime factors of y.
2, 3
What are the prime factors of (14/(-6) + 2)/(10/(-20760))?
2, 173
Suppose 3*s = 8 + 1. Let u(f) = 11*f - 3. Let a be u(s). Suppose v - a = -v. List the prime factors of v.
3, 5
Let a(y) be the third derivative of y**6/120 + 7*y**5/60 + y**4/4 - 7*y**3/6 - 4*y**2. Let q be a(-5). Suppose x = -q + 36. List the prime factors of x.
23
Let m = -4 - 18. Let p = m - -13. List the prime factors of (-24)/p*(-114)/(-8).
2, 19
Let l be (1*3/2)/((-81)/(-324)). Suppose 480 = 2*g - r, 4*r - l*r = g - 240. List the prime factors of g.
2, 3, 5
Let j(p) = 2*p**2 + p - 6. Let k be ((2 - 4)*-1)/(3/12). List the prime factors of j(k).
2, 5, 13
List the prime factors of -27*(-32)/(-12)*(-66)/4.
2, 3, 11
Suppose f + 5*t = 15 + 2, 2*t = 6. Let j(n) = 45*n**2 + 2*n - 5. List the prime factors of j(f).
179
Suppose -5*x - 2222 = -4*h, -h + 4*x = -0*h - 550. What are the prime factors of h?
2, 3, 31
Let b(g) = -g**3 - 9*g**2 - 11*g - 8. Let h be b(-8). Suppose f + h = 5*a, -2*a = -5*f + 6 + 6. Suppose 0 = -0*s + a*s - 248. List the prime factors of s.
2, 31
Suppose u + 2 = -0*u. Let f = 12 - u. List the prime factors of f.
2, 7
Let f(w) = 150*w**2 - 6*w - 37. What are the prime factors of f(-3)?
11
Let f be -4*(-1)/(-2) + 7. Suppose -t + 9 = -5*z - 103, f*t + 4*z - 705 = 0. List the prime factors of t.
137
Suppose -2*s + 4981 = 5*x - s, -4*s = -4. What are the prime factors of x?
2, 3, 83
Let r(i) = -11*i. Let o be r(1). Let z be (-12)/36 + (-2 - 152/(-6)). Let m = z + o. What are the prime factors of m?
2, 3
Suppose -6*h + 8*h = 42. List the prime factors of 152 + 3/2*28/h.
2, 7, 11
Let u be 446/12 + 3/(-18) + 1. Suppose 3*p - 13 = u. List the prime factors of p.
17
Let c(m) = -2*m**2 + 36*m + 25. List the prime factors of c(17).
59
Let u(x) = -2*x**3 - 5*x**2 + 16. Let r(d) = 2*d**3 + 5*d**2 - 17. Let q(m) = -3*r(m) - 4*u(m). List the prime factors of q(4).
3, 5, 13
List the prime factors of 14/(-7)*2 + 285.
281
Let p(k) = 886*k**2 - 14*k - 1. What are the prime factors of p(1)?
13, 67
Suppose -2 = -2*r + 6, f + r + 21 = 0. Let b = 177 + f. Suppose 8*i = -0*i + b. List the prime factors of i.
19
Let k be 8/6*(-24)/(-16). Suppose 4*t + 592 = 4*i, k*i = -3*i - 4*t + 776. Suppose 5*b = -3*u - 0*u + 114, -4*u + 3*b = -i. List the prime factors of u.
2, 19
Let p(b) = -5*b. Let x be 3*(-1 + 1 + -6) - -3. List the prime factors of p(x).
3, 5
Suppose -2*h + 6*h = -5*f + 874, f = -4*h + 882. Suppose 2*s + h = 5*s - r, -293 = -4*s + 3*r. List the prime factors of s.
2, 37
Let k(l) = -l + 68. Let g be k(-21). Let w = 27 + g. List the prime factors of w.
2, 29
Let z be -12 + 8 - (-1 - 11). What are the prime factors of (2/(32/1092))/(3/z)?
2, 7, 13
Suppose 15*x = 5*s + 14*x - 9240, 0 = -4*s - 2*x + 7378. What are the prime factors of s?
1847
Suppose 0*d - 8 = -2*d, 405 = s + 5*d. List the prime factors of s.
5, 7, 11
Let r(z) = z**2 + 22*z - 67. Let i be r(-27). Let x = 71 - i. What are the prime factors of x?
3
Let j(k) = 3*k**2 + 2*k - 10. Let c be (-1)/2 + 7/2. What are the prime factors of j(c)?
23
Let c(f) = -110*f - 2. What are the prime factors of c(-2)?
2, 109
Let l(q) = q - 8. Let y be l(-8). What are the prime factors of -6*(-2)/(y/(-28))?
3, 7
Let s(w) = 5*w + 3. Let a(h) = -h**2 + 6*h + 4. Let b(r) = -2*a(r) + 3*s(r). Let x be b(-2). What are the prime factors of ((-25)/x)/((-4)/12)?
5
Let s(o) = -2*o**2 + 3. Let j be s(-4). Suppose 3*n = -76 + 223. Let f = j + n. What are the prime factors of f?
2, 5
Let z = -48 + 48. Let m = -7 + 15. Suppose m*y - 3*y - 120 = z. List the prime factors of y.
2, 3
Let f(v) = -8*v. Let t be f(1). Let a be (-3 + 2)*(t + -4). Let u = a - -11. What are the prime factors of u?
23
Suppose 0 = 7*z - 2*z - 10. Suppose -2*t + 2 = -4*t, z*a - 5 = -3*t. Suppose -5*b - 2*l + 25 = -48, 0 = 3*b - a*l - 23. List the prime factors of b.
13
Suppose -4*r - 36 = -12. Suppose -h + 4*q = 14, -3*q - 3 = -3*h - 0*q. Let d = h - r. List the prime factors of d.
2, 3
Let b(f) = 16*f**2 - f + 2. Let g(t) = t**2 + t. Let s(d) = b(d) - 2*g(d). Let o be (33/(-44)*8)/(-3). What are the prime factors of s(o)?
2, 13
Let l(h) = h + 10. Let a be l(-8). Suppose -4 = -x, a*r + 4*x - 3 = 5. What are the prime factors of 1/r - 1161/(-36)?
2
Suppose -19*p = -9*p - 140. Suppose -19 = 2*k - 4*f + 19, 3*f = -k + 6. Let h = k + p. List the prime factors of h.
5
Suppose -4*j - 20 = 2*u, -3*u - 4*j - 20 = u. Suppose u = -4*m + 16*m - 1800. What are the prime factors of m?
2, 3, 5
Let o = 6 + 0. Let b be -3 + 12/(-4) + o. Suppose -y - 2*y - 3 = b, k - 22 = -y. List the prime factors of k.
23
Let j(l) be the third derivative of -77*l**4/12 - 5*l**3/6 + l**2. What are the prime factors of j(-1)?
149
Suppose 3*o - v = 5643, 4*o - 5*v = -o + 9395. What are the prime factors of o?
2, 941
Suppose 0 = -2*w + 14*w - 12. Let y(m) be the second derivative of 29*m**3/6 - 3*m**2/2 - 2*m. What are the prime factors of y(w)?
2, 13
Suppose -15 = -2*o - o, o + 36 = h. List the prime factors of h.
41
Let c(n) = -3*n**2 + 15*n + 13. Let y(x) = 2*x**2 - 16*x - 12. Let f(l) = 3*c(l) + 4*y(l). List the prime factors of f(-15).
3, 17
List the prime factors of -3 - (-359 - (-5 + -1)).
2, 5, 7
Let t(d) = -d**3 - 2*d**2 + 5*d + 254. What are the prime f